 r(h) = -h**3 + 10*h**2 - 2*h + 12. Determine r(10).
-8
Let o(c) = c**3 + 8*c**2 + 5*c - 5. Determine o(-3).
25
Let b(r) = r**2 - 4*r - 358. Calculate b(21).
-1
Let s(l) = 53*l - 4. Calculate s(-1).
-57
Let t(s) = -15*s - 43. Determine t(-3).
2
Let z(u) = -u**3 + 9*u**2 + 9*u + 8. What is z(10)?
-2
Let w(f) = -2*f - 48. What is w(-21)?
-6
Let s(f) = f**2 + 13*f + 14. Calculate s(-9).
-22
Let x(l) = l**2 - 10*l + 20. Give x(5).
-5
Let g(w) = -w**2 + 7*w - 12. Calculate g(6).
-6
Let t(m) = 2*m**3 + 3*m**2 - 17*m - 1. Determine t(-4).
-13
Let h(a) = 4*a**2 + 23*a - 24. Give h(-7).
11
Let b(n) = -9*n - 8. Give b(-2).
10
Let z(i) = -3*i**3 + i**2 - 2*i - 2. Calculate z(-1).
4
Let r(c) = 2*c - 12. Determine r(8).
4
Let w(r) = r**2 - 11*r + 15. Give w(10).
5
Let s(u) = u + 31. What is s(-30)?
1
Let h(v) = -v**2 + 15*v + 8. What is h(15)?
8
Let o(p) = 26*p + 1. Give o(1).
27
Let b(a) = a**2 - 27. What is b(0)?
-27
Let s(j) = -j + 22. Calculate s(-9).
31
Let d(s) = s**2 - 16*s + 66. What is d(6)?
6
Let x(f) = 67*f. Calculate x(1).
67
Let n(c) = -c**3 + 3*c**2 + 4*c - 9. Determine n(3).
3
Let t(x) = -x**3 - 2*x**2 + 3*x - 2. Calculate t(2).
-12
Let m(t) = t**2 - 15*t + 4. What is m(15)?
4
Let n(v) = -v - 7. Determine n(10).
-17
Let j(r) = r**3 - 21*r + 33. Determine j(-5).
13
Let r(s) = s**2 - 22*s - 10. Determine r(21).
-31
Let o(h) = -8*h + 5. Determine o(-2).
21
Let a(p) = p**2 + 11*p + 10. What is a(-9)?
-8
Let o(d) = -d**3 + 5*d - 1. Give o(2).
1
Let c(a) = a**2 + a - 36. Give c(-7).
6
Let v(c) = 2*c**2 + 4*c + 3. What is v(-1)?
1
Let t(w) = w**2 - 15*w - 2. What is t(15)?
-2
Let a(n) = n**2 + 32*n - 20. Give a(-33).
13
Let b(i) = -i**3 - i**2 - 4*i + 11. Determine b(2).
-9
Let w(m) = m**2 - m + 4. Give w(-5).
34
Let i(q) = -q**3 - 4*q**2 - 5*q. Give i(-2).
2
Let w(h) = -2*h**3 - 13*h**2 + 5*h + 10. Determine w(-7).
24
Let k(y) = y**3 - 19*y**2 + 20*y - 34. Calculate k(18).
2
Let g(y) = -y**3 + 7*y**2 - 11*y - 1. Give g(6).
-31
Let y(a) = -a - 8. Give y(-7).
-1
Let p(t) = 7*t - 38. Determine p(12).
46
Let f(z) = 2*z**2 + 8*z + 7. What is f(-5)?
17
Let m(z) = 5*z**2 - 2*z + 4. Determine m(2).
20
Let z(p) = -p**3 + 19*p**2 + 23*p - 66. Give z(20).
-6
Let g(p) = p**3 - p**2 + 2*p - 10. Determine g(0).
-10
Let n(w) = w**3 - 7*w**2 - w + 7. Determine n(7).
0
Let x(h) = h**3 + 8*h**2 + 8*h - 9. What is x(-5)?
26
Let c(i) = -2*i + 37. Calculate c(15).
7
Let f(i) = -i**2 - 14*i. What is f(-12)?
24
Let u(n) = -2*n**2 - 15*n + 58. What is u(3)?
-5
Let t(g) = 13*g - 200. Determine t(15).
-5
Let j(n) = -93*n + 376. Determine j(4).
4
Let n(p) = -p. What is n(-17)?
17
Let k(f) = 3*f**2 - 10*f - 27. What is k(5)?
-2
Let x(n) = 21*n - 101. Determine x(5).
4
Let u(x) = 37*x - 201. What is u(5)?
-16
Let g(w) = -w - 25. What is g(0)?
-25
Let u(k) = k**2 + k - 7. Calculate u(3).
5
Let a(o) = 49*o - 5. Calculate a(0).
-5
Let d(b) = -3*b - 1. Give d(3).
-10
Let u(h) = h**2 + 2*h + 2. What is u(3)?
17
Let o(l) = -l**2 - 6*l + 44. Calculate o(-11).
-11
Let r(x) = 2*x**2 + 4*x - 7. What is r(-4)?
9
Let c(d) = -d**3 - 5*d**2 + d - 2. Calculate c(-5).
-7
Let q(d) = 5*d - 14. Calculate q(12).
46
Let r(w) = -w**2 + 8*w + 3. Calculate r(-3).
-30
Let l(r) = -2*r - 102. Determine l(-49).
-4
Let o(h) = -h**3 - 5*h**2 + 7*h - 1. What is o(3)?
-52
Let s(q) = q**3 + 17*q**2 + 11*q + 13. What is s(-16)?
93
Let g(b) = b**2 - 11. Calculate g(5).
14
Let f(x) = -2*x - 11. Give f(-14).
17
Let i(t) = -t**2 + 13*t - 1. Give i(12).
11
Let b(a) = 5*a**2 + 2*a + 4. Calculate b(2).
28
Let p(m) = -2*m**3 + 2*m**2 + 11*m + 5. What is p(-2)?
7
Let r(o) = 13*o + 210. Calculate r(-19).
-37
Let r(l) = l**2 - 20*l + 116. What is r(11)?
17
Let h(s) = s**3 - 7*s**2 - 19*s + 16. Determine h(9).
7
Let a(u) = 7*u - 5. What is a(4)?
23
Let u(y) = -y**2 + 8*y - 20. Give u(9).
-29
Let b(s) = s**2 - 21*s + 14. Calculate b(10).
-96
Let z(c) = 2*c**3 - 21*c**2 - 16*c + 50. Give z(11).
-5
Let k(j) = j**2 - 10*j. Determine k(9).
-9
Let b(s) = s**3 + 5*s**2 - 14*s - 47. Determine b(-6).
1
Let b(x) = -x**3 - 36*x**2 - 33*x + 78. Calculate b(-35).
8
Let b(g) = 8*g - 26. What is b(-10)?
-106
Let z(x) = 2*x**2 + 9*x - 3. Determine z(-3).
-12
Let l(f) = f + 16. Give l(23).
39
Let b(n) = 2*n**2 + 17*n + 3. Determine b(-6).
-27
Let p(n) = -13*n - 2. Determine p(-3).
37
Let i(w) = 2*w + 24. Determine i(-11).
2
Let t(c) = -c**3 - 7*c**2 - 3*c + 4. Determine t(-4).
-32
Let s(h) = h**3 + 16*h**2 - h - 2. What is s(-16)?
14
Let p(j) = -17*j**3 + 2*j**2 - 2*j - 2. Determine p(2).
-134
Let j(d) = d**2 + 28*d - 12. Calculate j(-27).
-39
Let o(d) = 3*d**3 + 3*d**2 + 3*d + 6. Calculate o(-2).
-12
Let g(z) = 2*z - 10. Determine g(2).
-6
Let j(y) = -y**2 + 14*y - 32. What is j(13)?
-19
Let h(j) = -j**3 + 12*j**2 + 12*j - 18. What is h(13)?
-31
Let q(l) = l**3 + 8*l**2 - l - 15. What is q(-8)?
-7
Let j(t) = -51*t + 53. Calculate j(1).
2
Let k(s) = 14*s + 119. Determine k(-12).
-49
Let w(x) = -x**3 + 2*x**2 + 2*x - 3. Give w(3).
-6
Let b(f) = -f**3 + f. Give b(-3).
24
Let q(r) = r**3 - 6*r + 4. What is q(-3)?
-5
Let w(g) = 3*g**2 - g + 14. What is w(-3)?
44
Let v(y) = 26*y**2 - 4*y + 2. Determine v(1).
24
Let q(l) = -28*l + 1. Give q(1).
-27
Let b(w) = -5*w - 10. Give b(-3).
5
Let c(p) = -7*p**2 - 4. Give c(2).
-32
Let h(x) = 2*x**2 + 2*x - 1. Give h(2).
11
Let s(n) = -2*n**3 - 32*n**2 + 2*n + 32. Calculate s(-16).
0
Let n(b) = b**3 - b**2 - 3. Give n(2).
1
Let y(r) = r**2 + 11*r + 11. What is y(-9)?
-7
Let z(p) = 3*p**3 + 3*p - 5. Calculate z(0).
-5
Let p(a) = a**3 - 12*a**2 + 16*a - 49. What is p(11)?
6
Let d(q) = -q**3 + 6*q**2 - 10*q + 1. Give d(2).
-3
Let p(b) = b**2 + 2. Calculate p(3).
11
Let y(w) = -3*w**3 + 2*w**2 - w - 2. Calculate y(-2).
32
Let y(r) = 6*r**2 - 5*r + 23. Give y(6).
209
Let j(o) = o**2 + 13*o + 18. Give j(-8).
-22
Let m(x) = 21*x - 23. Give m(4).
61
Let d(y) = -y**3 - 23*y**2 - 20*y + 59. Calculate d(-22).
15
Let x(c) = c**2 - 2*c - 5. Give x(3).
-2
Let o(n) = n**2 - 3*n + 5. Give o(2).
3
Let q(d) = d**3 - 9*d**2 - d + 10. Determine q(9).
1
Let l(z) = -z**3 - 8*z**2 + 3*z + 23. What is l(-8)?
-1
Let d(h) = -h + 10. Determine d(8).
2
Let j(y) = -y**2 - 46*y + 90. Determine j(2).
-6
Let o(p) = 5*p**3 - 1. What is o(1)?
4
Let m(x) = -x + 39. Calculate m(12).
27
Let j(r) = 3*r + 12. Determine j(-17).
-39
Let s(n) = n**2 + 5*n - 24. What is s(8)?
80
Let d(i) = i - 11. What is d(2)?
-9
Let g(t) = -t**3 - 9*t**2 + t + 7. Determine g(-9).
-2
Let s(x) = x**2 + 7*x - 1. What is s(-8)?
7
Let p(a) = a**2 - 16*a + 7. Give p(14).
-21
Let t(o) = o**2 + 9*o + 5. Give t(-9).
5
Let u(x) = -6*x**2 - 2*x + 18. What is u(0)?
18
Let p(g) = 2*g**2 + 13*g + 22. What is p(-7)?
29
Let k(h) = h**2 - h - 1. Give k(-3).
11
Let j(i) = 6*i + 17. Give j(-6).
-19
Let y(w) = 8*w + 28. Calculate y(-9).
-44
Let v(r) = -r**3 + 3*r**2 - 2*r + 7. Determine v(3).
1
Let s(i) = i**3 + 19*i**2 - i + 23. Calculate s(-19).
42
Let n(r) = 2*r + 1. Determine n(-10).
-19
Let a(c) = -28*c + 86. Give a(3).
2
Let t(q) = 19*q**2 + q - 1. What is t(1)?
19
Let t(x) = 14*x + 106. Calculate t(-8).
-6
Let p(t) = t**2 - 9*t + 14. Determine p(6).
-4
Let p(c) = -3*c + 38. Calculate p(4).
26
Let o(w) = 16*w. What is o(-2)?
-32
Let f(h) = 42*h**2 - 505*h + 14. Give f(12).
2
Let h(b) = b**2 - b. Give h(5).
20
Let h(p) = p**2 + 17*p - 7. Give h(-18).
11
Let r(v) = -v**3 - v**2 + 1. Calculate r(-2).
5
Let f(g) = -g**3 - 12*g**2 + 4*g + 3. Determine f(-12).
-45
Let k(j) = 71*j + 928. What is k(-13)?
5
Let w(c) = -5*c + 3. Give w(-3).
18
Let r(y) = y**3 + 4*y**2 + 9*y + 7. What is r(-2)?
-3
Let a(b) = 4*b**2 + 3*b - 8. Determine a(5).
107
Let t(b) = -39*b + 30. Determine t(1).
-9
Let x(s) = -s**3 - 8*s**2 + s. Determine x(-8).
-8
Let i(g) = g**3 + 9*g**2 + 7*g - 3. Calculate i(-8).
5
Let g(x) = 2*x + 40. Determine g(-13).
14
Let y(p) = 3*p + 13. Calculate y(-8).
-11
Let i(c) = 8*c - 1. Calculate i(0).
-1
Let h(b) = -b**2 - 14*b + 31. Give h(-17).
-20
Let c(q) = q**3 + 12*q**2 + 2*q + 8. Determine c(-12).
-16
Let r(t) = t**2 - 24*t + 47. Determine r(22).
3
Let n(i) = -7*i - 147. Give n(-23).
14
Let a(r) = -r**3 + 26*r + 8. Determine a(-5).
3
Let z(o) = o**3 + 5*o**2 + 10*o + 11. Give z(-3).
-1
Let d(f) = -32*f**2 + 4*f - 3. Calculate d(1).
-31
Let n(k) = 3*k**2 - 21*k - 8. 